1
-192 (base 13) to base 3
-101200
What is -123 (base 4) in base 14?
-1d
20188 (base 10) to base 7
112600
What is 21100 (base 3) in base 10?
198
Convert -21b7 (base 13) to base 16.
-1269
-343 (base 9) to base 2
-100011010
Convert 22404 (base 5) to base 14.
828
-65c3 (base 15) to base 6
-243450
Convert 130322 (base 4) to base 10.
1850
442 (base 9) to base 10
362
What is 137b (base 15) in base 5?
113131
What is -2540 (base 9) in base 11?
-1477
Convert 2a3 (base 12) to base 3.
120020
What is 599 (base 11) in base 2?
1011001001
Convert -23d (base 16) to base 4.
-20331
What is -3ccd (base 14) in base 7?
-43246
What is -245 (base 10) in base 14?
-137
27 (base 12) to base 3
1011
Convert 50 (base 8) to base 7.
55
Convert 334c (base 15) to base 8.
25170
Convert -1101010001100111 (base 2) to base 12.
-27573
Convert -8140 (base 9) to base 14.
-224d
-1895 (base 10) to base 6
-12435
Convert -14760 (base 10) to base 14.
-5544
13010 (base 9) to base 14
3297
Convert 221 (base 12) to base 6.
1241
-3369 (base 11) to base 12
-2693
Convert 3d8 (base 15) to base 7.
2363
What is 3375 (base 8) in base 6?
12141
What is 1528 (base 13) in base 2?
110000000100
What is -1589 (base 14) in base 9?
-5242
What is 15242 (base 7) in base 8?
10224
What is 11010011101111 (base 2) in base 5?
413201
-39c (base 15) to base 5
-11242
What is 2a64 (base 12) in base 3?
20211011
1022321 (base 4) to base 2
1001010111001
-33b9 (base 14) to base 7
-35122
What is -1101001011010 (base 2) in base 3?
-100020212
What is 3bb7 (base 12) in base 9?
10424
What is -516 (base 7) in base 10?
-258
Convert 1021220 (base 3) to base 7.
2514
Convert -1310134 (base 5) to base 14.
-94d7
-15bb (base 12) to base 14
-d31
4435 (base 7) to base 5
22334
Convert -2122032 (base 4) to base 14.
-3850
56b (base 14) to base 4
100303
Convert 20203132 (base 4) to base 13.
12c43
231022 (base 4) to base 13
1414
45 (base 14) to base 12
51
Convert 5545 (base 6) to base 14.
681
Convert 9 (base 13) to base 6.
13
Convert -1892 (base 10) to base 16.
-764
Convert -1441252 (base 6) to base 16.
-14540
Convert -315 (base 10) to base 7.
-630
-11111 (base 6) to base 11
-1194
What is -7a (base 15) in base 7?
-223
1221243 (base 5) to base 7
124666
1010110101 (base 2) to base 12
499
What is -11 (base 9) in base 13?
-a
What is bb9b (base 15) in base 2?
1001101101000010
1122 (base 10) to base 13
684
795 (base 14) to base 16
5df
-1173 (base 16) to base 3
-20010110
-93 (base 12) to base 6
-303
-2130 (base 6) to base 16
-1e6
Convert 731 (base 10) to base 7.
2063
-414 (base 11) to base 7
-1312
-11b (base 15) to base 4
-3323
Convert -12330 (base 7) to base 15.
-e70
What is -2561 (base 7) in base 10?
-974
What is -16564 (base 7) in base 6?
-33554
Convert -1224c (base 13) to base 16.
-824d
Convert 4443 (base 5) to base 15.
2b8
What is -11001001110 (base 2) in base 5?
-22424
What is 33a (base 14) in base 10?
640
Convert -22bb (base 14) to base 4.
-1132131
264 (base 8) to base 15
c0
-331032 (base 4) to base 3
-12101010
Convert 348b (base 13) to base 5.
214012
What is -632 (base 7) in base 16?
-13d
What is -4037 (base 13) in base 8?
-21202
What is -11a9 (base 11) in base 6?
-11135
Convert -12124 (base 10) to base 4.
-2331130
798 (base 10) to base 8
1436
4313 (base 6) to base 9
1310
Convert 75407 (base 8) to base 3.
1121012111
What is 4204 (base 6) in base 11?
785
-3409 (base 12) to base 3
-21220200
Convert -6088 (base 9) to base 11.
-338a
What is 4ccd (base 16) in base 10?
19661
60551 (base 7) to base 10
14687
-74040 (base 8) to base 2
-111100000100000
2463 (base 11) to base 3
11102002
100010000100 (base 2) to base 3
2222202
-3d3 (base 14) to base 15
-368
-1557 (base 11) to base 9
-2660
Convert 2a6 (base 14) to base 4.
20122
What is -2844 (base 13) in base 12?
-3436
What is 226 (base 8) in base 16?
96
What is 220203 (base 4) in base 13?
1248
What is a28 (base 16) in base 13?
1250
Convert -23434 (base 6) to base 8.
-6516
Convert 334513 (base 6) to base 16.
6e6d
Convert -102104 (base 7) to base 2.
-100010010001010
-134522 (base 6) to base 13
-5a38
What is -240501 (base 7) in base 5?
-2342324
Convert 101110011011 (base 2) to base 3.
11002001
What is -112300 (base 5) in base 12?
-2437
What is -13520 (base 6) in base 7?
-6141
What is -2bb (base 15) in base 3?
-212012
Convert -3da (base 16) to base 8.
-1732
-3005 (base 10) to base 2
-101110111101
Convert 111236 (base 8) to base 7.
214300
Convert -1ab4 (base 12) to base 13.
-1672
-1859 (base 10) to base 2
-11101000011
-1615 (base 11) to base 7
-6021
Convert 132 (base 4) to base 10.
30
-1001101 (base 2) to base 9
-85
9239 (base 11) to base 5
343023
-942 (base 12) to base 13
-7c7
Convert -22761 (base 8) to base 4.
-2113301
-2439 (base 14) to base 3
-22200012
Convert 54 (base 6) to base 12.
2a
What is 202211 (base 3) in base 9?
684
Convert 23 (base 16) to base 15.
25
What is 432 (base 13) in base 16?
2cd
Convert 5c3 (base 15) to base 5.
20213
-3a7 (base 11) to base 5
-3410
-70c (base 13) to base 4
-102223
Convert -22110201 (base 3) to base 13.
-2a70
8950 (base 16) to base 12
18414
-441 (base 11) to base 6
-2241
What is -400 (base 14) in base 15?
-374
-884 (base 12) to base 10
-1252
121232 (base 5) to base 14
1943
-c78 (base 16) to base 12
-1a20
43105 (base 6) to base 2
1011011110001
What is 1005245 (base 6) in base 13?
18a0a
Convert 1032040 (base 5) to base 12.
a34a
What is -3041 (base 6) in base 9?
-827
What is 454212 (base 6) in base 3?
1221211222
What is -8a (base 15) in base 9?
-154
1453 (base 6) to base 15
1b3
Convert 10728 (base 9) to base 7.
26600
What is 5562 (base 7) in base 6?
13140
Convert b79 (base 15) to base 13.
1242
Convert 2423 (base 6) to base 5.
4331
-1620 (base 12) to base 11
-1a69
What is -5241 (base 9) in base 7?
-14131
What is 6460 (base 7) in base 4?
203320
What is 2468 (base 15) in base 12?
4598
What is -220140 (base 6) in base 11?
-1274a
What is 24315 (base 11) in base 2?
1000100010101001
1213 (base 7) to base 14
243
329 (base 16) to base 6
3425
What is 4023 (base 5) in base 12?
369
What is -155 (base 16) in base 11?
-290
102 (base 12) to base 4
2102
What is b0 (base 13) in base 12?
bb
-8c1 (base 14) to base 3
-2101100
-2323112 (base 4) to base 8
-27326
-101002 (base 3) to base 13
-17c
What is 34512 (base 6) in base 7?
20255
Convert 173 (base 12) to base 5.
1411
Convert -556 (base 8) to base 7.
-1032
Convert -1464 (base 11) to base 3.
-2120211
What is 20452 (base 9) in base 6?
142245
Convert -5096 (base 11) to base 12.
-3ab4
What is -111011011100 (base 2) in base 13?
-1968
611 (base 7) to base 10
302
What is -2634 (base 8) in base 3?
-1222012
What is -20c2 (base 16) in base 14?
-30b0
What is 10c (base 16) in base 7?
532
Convert -81 (base 14) to base 3.
-11012
-13234 (base 5) to base 10
-1069
-100110101 (base 2) to base 11
-261
Convert 161 (base 10) to base 12.
115
What is 5322 (base 6) in base 4?
102302
Convert 457 (base 8) to base 3.
102020
-12022 (base 4) to base 7
-1102
Convert -10a9 (base 15) to base 12.
-2066
875 (base 9) to base 13
431
What is 115d (base 15) in base 4?
321220
Convert b91 (base 15) to base 14.
d47
What is e7 (base 15) in base 14?
117
-1d78 (base 16) to base 2
-1110101111000
-13085 (base 10) to base 3
-122221122
What is -23122 (base 5) in base 9?
-2246
Convert -3112210 (base 4) to base 15.
-4107
Convert 22552 (base 7) to base 15.
1a9a
What is -3313 (base 8) in base 12?
-100b
7948 (base 11) to base 2
10100011011010
What is 14397 (base 11) in base 7?
113401
Convert 21411 (base 5) to base 3.
2000212
Convert -2213 (base 8) to base 7.
-3251
Convert 110111100010 (base 2) to base 12.
2082
What is 2561 (base 12) in base 7?
15250
What is 14612 (base 7) in base 16?
fec
Convert -47324 (base 10) to base 14.
-13364
What is 567 (base 11) in base 15?
303
-22cd (base 14) to base 3
-22022111
Convert 1c0c (base 13) to base 11.
3202
20122121 (base 3) to base 5
123344
Convert 23f5 (base 16) to base 6.
110341
What is 223502 (base 6) in base 13?
8837
20069 (base 11) to base 3
1111021022
Convert 3452 (base 10) to base 5.
102302
What is 48b (base 12) in base 14?
36b
What is 2ca5 (base 13) in base 6?
50205
-153511 (base 6) to base 12
-8897
Convert 14d2 (base 14) to base 3.
12002111
What is 438 (base 9) in base 15?
18e
Convert 150 (base 12) to base 11.
176
Convert 3342 (base 6) to base